70?
2, 5, 13, 586849
List the prime factors of 137260589.
887, 154747
List the prime factors of 125282612.
2, 7, 13, 49169
What are the prime factors of 105878877?
3, 13, 2714843
List the prime factors of 311636152.
2, 38954519
List the prime factors of 462127487.
462127487
List the prime factors of 2754218678.
2, 1377109339
What are the prime factors of 83471896?
2, 10433987
What are the prime factors of 455954735?
5, 103, 593, 1493
What are the prime factors of 294469152?
2, 3, 73, 42019
What are the prime factors of 293192309?
73, 281, 14293
List the prime factors of 488820138.
2, 3, 331, 246133
List the prime factors of 32693312.
2, 17, 151, 199
List the prime factors of 437171352.
2, 3, 18215473
What are the prime factors of 98526250?
2, 5, 23, 149
List the prime factors of 350052877.
350052877
List the prime factors of 178152917.
23, 336773
What are the prime factors of 4658360863?
13, 163, 2198377
List the prime factors of 446987761.
11, 103, 241, 1637
List the prime factors of 45554578.
2, 22777289
What are the prime factors of 12829913?
71, 137, 1319
What are the prime factors of 675719553?
3, 17, 19, 23, 30319
What are the prime factors of 333441879?
3, 23, 191, 25301
What are the prime factors of 527738498?
2, 7, 67, 562621
List the prime factors of 563436965.
5, 7, 13, 41, 30203
What are the prime factors of 290345909?
7, 61, 71, 157
List the prime factors of 794322118.
2, 67, 83, 71419
What are the prime factors of 21146900?
2, 5, 211469
What are the prime factors of 8132482073?
373, 21802901
List the prime factors of 522527305.
5, 59, 67, 26437
What are the prime factors of 647430776?
2, 19, 397, 10729
What are the prime factors of 98931788?
2, 31, 313, 2549
What are the prime factors of 283680841?
283680841
List the prime factors of 2381267099.
2381267099
List the prime factors of 679987730.
2, 5, 151, 401, 1123
What are the prime factors of 1690389583?
151, 2111, 5303
What are the prime factors of 35359588?
2, 11, 43, 1699
What are the prime factors of 79669295?
5, 15933859
What are the prime factors of 1167709940?
2, 5, 17, 29, 118429
List the prime factors of 39921077.
7, 23, 247957
What are the prime factors of 3866344256?
2, 7001, 8629
List the prime factors of 38378635.
5, 7675727
What are the prime factors of 4444541744?
2, 17, 59, 276953
What are the prime factors of 476747774?
2, 4241, 56207
List the prime factors of 2043404507.
317, 433, 14887
List the prime factors of 158773619.
4951, 32069
What are the prime factors of 5820009985?
5, 19, 2399, 25537
What are the prime factors of 28821219?
3, 7, 61, 149, 151
What are the prime factors of 49462253?
743, 66571
What are the prime factors of 100774838?
2, 50387419
What are the prime factors of 79535770?
2, 5, 31, 256567
List the prime factors of 794939659.
794939659
List the prime factors of 2968105877.
11, 269827807
What are the prime factors of 227722395?
3, 5, 17, 893029
List the prime factors of 38799177.
3, 1217, 10627
List the prime factors of 5656863272.
2, 707107909
List the prime factors of 4375594116.
2, 3, 121544281
List the prime factors of 5087622349.
3119, 1631171
What are the prime factors of 4573125114?
2, 3, 857, 889367
List the prime factors of 156046971.
3, 167, 331, 941
What are the prime factors of 35065354?
2, 967, 18131
List the prime factors of 399507.
3, 133169
List the prime factors of 188663398.
2, 7, 11, 1225087
List the prime factors of 159959426.
2, 11, 17, 83, 5153
List the prime factors of 114816061.
114816061
List the prime factors of 7582822788.
2, 3, 43, 239, 61487
List the prime factors of 22712571.
3, 7, 349, 1033
What are the prime factors of 26025983?
101, 127, 2029
List the prime factors of 196433696.
2, 109, 199, 283
List the prime factors of 287273696.
2, 8977303
What are the prime factors of 1759033538?
2, 879516769
What are the prime factors of 112009992?
2, 3, 79, 59077
List the prime factors of 1444710434.
2, 97, 7446961
What are the prime factors of 47333856?
2, 3, 103, 4787
List the prime factors of 612810467.
223, 12323
What are the prime factors of 3515660606?
2, 1757830303
What are the prime factors of 219561581?
29, 47, 161087
List the prime factors of 708084307.
7, 2617, 38653
List the prime factors of 414185897.
5101, 81197
What are the prime factors of 26425989?
3, 29, 103, 983
List the prime factors of 4743574217.
47, 59, 1710629
List the prime factors of 134408341.
17, 97, 81509
What are the prime factors of 34058222?
2, 11, 19, 59, 1381
List the prime factors of 29520966.
2, 3, 487, 10103
List the prime factors of 405699806.
2, 23, 8819561
List the prime factors of 193535264.
2, 13, 73, 6373
What are the prime factors of 1061081?
7, 29, 5227
List the prime factors of 8308777208.
2, 1038597151
What are the prime factors of 4287400?
2, 5, 13, 17, 97
List the prime factors of 1816969010.
2, 5, 17, 628709
What are the prime factors of 1487084802?
2, 3, 7, 89, 397829
What are the prime factors of 1682149108?
2, 6781, 62017
What are the prime factors of 81244209?
3, 19, 1425337
What are the prime factors of 122635494?
2, 3, 23, 296221
List the prime factors of 1252890283.
3529, 355027
What are the prime factors of 2532481929?
3, 31265209
What are the prime factors of 1416866016?
2, 3, 541, 27281
List the prime factors of 928611820.
2, 5, 31, 79, 18959
List the prime factors of 33282466.
2, 7, 339617
List the prime factors of 790200904.
2, 2777, 35569
List the prime factors of 59183105.
5, 47, 251843
List the prime factors of 807280531.
19, 42488449
What are the prime factors of 13699969?
19, 721051
List the prime factors of 51971186.
2, 113, 229961
List the prime factors of 290057656.
2, 7, 739943
List the prime factors of 871308482.
2, 11, 39604931
What are the prime factors of 4286037673?
5693, 752861
What are the prime factors of 438534078?
2, 3, 379, 192847
List the prime factors of 214363078.
2, 31, 137, 25237
What are the prime factors of 471186493?
1889, 249437
What are the prime factors of 101513217?
3, 13, 59, 157, 281
What are the prime factors of 200051159?
7, 11, 107, 24281
List the prime factors of 89882751.
3, 7, 4280131
What are the prime factors of 400812984?
2, 3, 11, 13, 3539
List the prime factors of 4566627883.
29, 6047, 26041
What are the prime factors of 17926600?
2, 5, 89633
What are the prime factors of 181863789?
3, 60621263
What are the prime factors of 2024017618?
2, 7, 23, 163, 787
What are the prime factors of 502151377?
7, 13, 43, 181, 709
List the prime factors of 55551159.
3, 431, 14321
What are the prime factors of 1088023365?
3, 5, 11, 13, 169079
List the prime factors of 1897785702.
2, 3, 19, 109, 50909
List the prime factors of 38350084.
2, 107, 89603
What are the prime factors of 1407799146?
2, 3, 13, 487, 37061
List the prime factors of 5788810823.
31, 2539, 73547
List the prime factors of 1344428176.
2, 7, 13, 923371
List the prime factors of 1607814116.
2, 5051, 79579
What are the prime factors of 2094895320?
2, 3, 5, 7, 2493923
List the prime factors of 743250140.
2, 5, 59, 629873
List the prime factors of 270204860.
2, 5, 13510243
List the prime factors of 17354341.
17354341
What are the prime factors of 165767906?
2, 82883953
List the prime factors of 98254072.
2, 7, 83, 21139
What are the prime factors of 2076417582?
2, 3, 103, 3359899
List the prime factors of 48304962.
2, 3, 2683609
What are the prime factors of 2427597649?
2427597649
List the prime factors of 763409867.
11, 3229, 21493
List the prime factors of 578307056.
2, 36144191
What are the prime factors of 350707865?
5, 97, 723109
List the prime factors of 1285865026.
2, 642932513
What are the prime factors of 2110772305?
5, 103, 4098587
List the prime factors of 1113266340.
2, 3, 5, 6184813
What are the prime factors of 160501815?
3, 5, 73, 48859
List the prime factors of 510478482.
2, 3, 17, 1423, 3517
What are the prime factors of 1117350424?
2, 67, 2084609
What are the prime factors of 2480466289?
7, 50621761
What are the prime factors of 1920352870?
2, 5, 192035287
What are the prime factors of 655061168?
2, 40941323
List the prime factors of 17722066.
2, 59, 101, 1487
List the prime factors of 238637643.
3, 1753, 45377
List the prime factors of 112667461.
173, 651257
What are the prime factors of 7669766?
2